 is the tens digit of h?
2
What is the hundreds digit of -5 - 64/(-4) - -8966?
9
What is the ten thousands digit of (-1 - (-1 + (9 - 8)))*(-33620)/2?
1
Suppose -5*k = 1284 + 476. What is the units digit of 6 - 2 - 6 - k?
0
Let n(y) = -14*y + 29*y - 16*y. Let b be n(-10). What is the tens digit of 670/(-4)*(-5 - (-42)/b)?
3
Suppose -17 = -5*i + 3. Let w(a) = 325*a**2 + 6*a + 1. Let u be w(-1). Suppose 0 = -2*b - 2*b + i*s + u, 5*b = s + 380. What is the units digit of b?
5
Let p = -72 - -70. What is the hundreds digit of p/(7/(-4424)*2)?
6
Suppose 221 + 1239 = 4*t. Let n = -3 + t. What is the units digit of n?
2
Let k(r) = 2*r - 7. Let q be k(2). What is the units digit of 2/q*3*(1 - 189)?
6
Suppose 3 - 31 = -4*y. Let x = -1231 + 1308. Suppose y + x = p. What is the tens digit of p?
8
Let c be -1 + -665*(2 - (-80)/(-25)). Let j = -436 + c. What is the tens digit of j?
6
Let f(t) be the second derivative of 13/3*t**3 - 33*t + 6*t**2 + 0. What is the hundreds digit of f(6)?
1
Let k be 2 - (2 + 50) - 2. What is the units digit of (k/(-65))/((-4)/(-430))?
6
Suppose -3*h - 5*u + 1640 + 3326 = 0, 3*h - 4998 = 3*u. Suppose 4*o - h = o. What is the units digit of o?
4
Suppose 20*m = 115065 + 114975. What is the tens digit of m?
0
Let c(g) = 368*g + 63. Let m(s) = -5894*s - 1008. Let o(f) = -63*c(f) - 4*m(f). What is the hundreds digit of o(2)?
8
Let z(n) = 38*n**2 - 14*n. Let d be z(-8). Suppose 18*a - 3504 = d. What is the units digit of a?
6
Suppose 0 = -36*v + 305 + 1675. Suppose -94336 = -9*y - v*y. What is the hundreds digit of y?
4
What is the hundreds digit of (-1)/(82/41*2/(-71828))?
9
Let l(b) = -28*b + 170. Let s be l(6). Suppose -3*m - 2353 = -5*z, -3*z + z + 938 = s*m. What is the hundreds digit of z?
4
Let t(j) = -19*j + 15. Let m be t(-31). Let a = -321 + m. What is the units digit of a?
3
What is the tens digit of ((6/7)/((-44)/77))/(6/(-20752))?
8
Let u = 7469 - 1659. What is the tens digit of u?
1
Let a(c) = 11*c + 8*c**3 - 10*c**3 + 8 + 3 + 3*c**3 + 12*c**2. Let i(o) = o**2 - o - 29. Let n be i(5). What is the units digit of a(n)?
5
Let l = -127 - -92. Let f = l - -603. What is the hundreds digit of f?
5
Let k = 218 + 182. Suppose -15 = -3*g, -4*g + k + 1300 = 3*i. What is the tens digit of i?
6
Suppose -36*t + 106*t = 1244530. What is the units digit of t?
9
Let h(i) = 3*i**2 + 11*i + 6. Let a be h(8). Let r = -79 + a. What is the units digit of r?
7
What is the units digit of (-2248917)/(-297) - -2*(-2)/36?
2
Let n(k) = 10*k**3 - k**2 + 44*k + 1. Let t(h) = -3*h**3 - 15*h - 1. Let d(i) = 2*n(i) + 7*t(i). What is the tens digit of d(-6)?
4
Let c = 49078 + -19506. What is the tens digit of c?
7
Let s(j) = -36*j**2 + 2*j - 12. Let f be s(3). Let t = f - -510. What is the units digit of t?
0
Let x(c) be the first derivative of -5*c**4/4 - 4*c**3/3 + 2*c**2 + 10*c + 1. Let f be ((-12)/(-8))/(11/(22/(-1))). What is the tens digit of x(f)?
9
Let p be (-495)/(-2) - 2/(-4). Let u(o) = 95*o**2 - 19*o - 21. Let k be u(-2). Let g = k - p. What is the tens digit of g?
4
Let j = -11012 + 40909. What is the tens digit of j?
9
What is the tens digit of 7584/40 - 5/(-50)*4?
9
Let y = 15 - 141. Let b = y + 294. Suppose -132 = -3*t - c, -5*t + t - 4*c = -b. What is the tens digit of t?
4
Suppose -17*l + 8 = -25*l. What is the units digit of 333 - 1/(l + (0 - -2))?
2
Let u(i) = i**2 + 12*i + 488. What is the hundreds digit of u(68)?
9
Let a(x) = -63*x - 1947. What is the tens digit of a(-59)?
7
What is the tens digit of 24238/5 - (-315)/225?
4
Suppose -72*v + 693315 = -v. What is the tens digit of v?
6
Let i(o) be the third derivative of o**4/24 + 7*o**3/2 + 3*o**2. Let l be i(-6). Suppose -93 = -6*s + l. What is the tens digit of s?
1
Suppose -4*h + 1680 = -3*x, -3*h + 4*x + 614 = -653. What is the hundreds digit of h?
4
Let h be (-3)/(-2) + ((-1)/(-2) - -1). Suppose 0*d + d + h*k - 233 = 0, 0 = -2*d - 5*k + 471. What is the tens digit of d?
4
Let y(l) = -l**3 - 4*l**2 + 2*l + 187. Let w be y(0). Suppose -2*g = 5*a - 554 - 374, w = a - g. What is the hundreds digit of a?
1
What is the ten thousands digit of ((-3589)/(-2))/(4 + -5 - 11/(-10))?
1
Let s = -2258 - -7736. What is the hundreds digit of s?
4
Suppose 4*s = -n + 20714, 3*n + 126*s - 131*s - 62108 = 0. What is the thousands digit of n?
0
Suppose -3*q = 2*i - 37314 - 30101, 5*q - 2*i - 112321 = 0. What is the thousands digit of q?
2
Let p(t) = -t**3 - 3*t**2 + 6*t + 12. Let z be p(-4). Suppose 2*y - z - 4 = 0, m = 5*y + 325. What is the tens digit of m?
4
What is the tens digit of (-1582530)/(-68)*(-96)/(-40)?
5
Let m = 252 + -276. What is the hundreds digit of -125*(-2 + (m/(-15) - 4))?
5
Suppose 0 = 67*v - 68*v + 9. What is the units digit of (v/((-9)/20))/((-3)/72)?
0
Let j(m) = -2*m**3 + 60*m**2 - 28*m - 21. What is the hundreds digit of j(29)?
8
Suppose 36510 = 8*r - 5770. Suppose -4*l = 5*g - r, -g + 8*l - 7*l = -1066. What is the units digit of g?
1
Let u = 63 - 63. Suppose 4*c - c - 1038 = u. What is the hundreds digit of c?
3
Let m(k) be the third derivative of -k**6/120 + k**5/12 + k**4/4 + k**3 - 12*k**2. Let b be m(6). What is the units digit of b*9/12*12?
4
Let x(h) = -57*h**3 - 2*h**2 + 11*h - 22. Let f be x(2). Let b = f + 1327. What is the tens digit of b?
6
What is the hundreds digit of 13783 - ((3/(-1))/((-84)/(-140)) - 1)?
7
Suppose -k - 2 = -5. Suppose -d + 20 + 10 = 2*m, 0 = k*d + m - 90. What is the units digit of d?
0
Suppose -5*k - 5*b + 88475 = 0, -k + 1601 = -5*b - 16058. What is the hundreds digit of k?
6
Suppose p + 15 - 5 = 0. What is the units digit of (8 + p)*2618/(-4)?
9
Suppose 211891 = 255*l - 435809. What is the units digit of l?
0
Let w(o) = 468 - 472 - o**2 + 4*o**2 + 5*o - 4*o**2. Let a be w(4). What is the units digit of (a - -2)/(-4)*-118?
9
Let t(i) = 19*i**2 - 8*i + 14. Let m be t(8). Suppose -574 = -2*o - 2*k, -4*o - 4*k + 9*k = -m. What is the tens digit of o?
8
Let s = 4552 + 8297. What is the hundreds digit of s?
8
Let g be (-29)/(-4) - 10/40. Suppose g*s + 0*s - 2268 = 0. What is the tens digit of s?
2
Let f(n) = -175*n**2 + 5*n + 5. Let t be (2/(-6) + 1)*24/(-16). Let s be f(t). Let i = s - -271. What is the units digit of i?
6
Let o(t) = 225*t**2 + 69*t + 147. What is the thousands digit of o(-9)?
7
Let q(z) = -z**3 + 13*z**2 + z - 12. Let f be q(13). Suppose 2*u + f = 5. Suppose -u*b + 104 = 4*s, -2*s + b - 5*b = -58. What is the units digit of s?
5
Suppose -2*s + 7327 + 450 = u, 2*u = -5*s + 19440. What is the tens digit of s?
8
Suppose -9*s + 1450 = -28763. Let k = -1999 + s. What is the units digit of k?
8
Suppose 33 - 8 = 5*x. Suppose -4*q + 1824 = -6*d + 4*d, -2280 = -x*q - 3*d. What is the units digit of q?
6
Suppose 16 = 12*x - 8*x. Suppose 0 = x*g - 2*p - 230, 0 = -3*g + p + 129 + 42. What is the units digit of g?
6
Suppose 0 = 3*b - 2*y - 10315, -2*b - 4*y = -1573 - 5293. What is the thousands digit of b?
3
Suppose -c = -3*a - 3*c + 39, 2*c = 6. Suppose 0 = -5*z - a*h + 8*h + 1866, z + 5*h = 382. What is the tens digit of z?
7
Let l be (4/6)/(2/(-108)). Suppose 0 = 2*i + 4*m - 156, 4*i - 3*m = 9*i - 404. Let n = i + l. What is the units digit of n?
6
Suppose 0 = -2*j + 498 + 32. Suppose 3*f + j = 901. What is the tens digit of f?
1
Suppose 0 = -195*p + 197*p + 32. Let c(j) = -2*j**3 - 32*j**2 + 10. What is the tens digit of c(p)?
1
Suppose 56*z - 41986 - 29800 = 100134. What is the hundreds digit of z?
0
Let k = -45 + 52. Suppose 17 = k*b - 32. Suppose 11*q - 316 = b*q. What is the tens digit of q?
7
Let i(v) = 10*v - v**3 - 5*v + 0*v**2 - v**2. Let m(t) = -378*t + 1129. Let a be m(3). What is the tens digit of i(a)?
7
Let j(x) = 3460*x**2 + 17*x - 28. What is the ten thousands digit of j(2)?
1
Suppose -69*k + 535605 + 222563 = -1122082. What is the units digit of k?
0
Suppose -4*i = -10*i + 15060. What is the tens digit of ((-3)/(-12) - -1) + i/8?
1
Let h(v) = v**3 + 6*v**2 - 7*v + 2. Let j be h(-7). Suppose j*s + 5*s = 245. Suppose -s*p + 1464 = -29*p. What is the tens digit of p?
4
Let c = -145 - -145. Let q(w) = -31*w + 1404. What is the units digit of q(c)?
4
Let k(o) = -4*o - 16. Let d(m) = -5*m - 15. Let h(z) = 3*d(z) - 4*k(z). Let q be h(-16). Let y(j) = 7*j**2 + 1. What is the units digit of y(q)?
4
Let k(t) = 43554*t**2 - 